{"version":"1.0","provider_name":"","provider_url":"https:\/\/annesbakery.cafeblog.hu","author_name":"Nemeth Anna","author_url":"https:\/\/annesbakery.cafeblog.hu\/author\/nemeth-anna92gmail-com\/","title":"Csokis mini pite f\u00fcg\u00e8vel","html":"<p>Tudni kell, hogy az egyik kedvenc gy\u00fcm\u00f6lcs\u00f6m a f\u00fcge, a kedvenc magom a t\u00f6r\u00f6kmogyor\u00f3 \u00e9s csokiim\u00e1d\u00f3 vagyok. Ha pedig ezeket \u00f6sszerakom egy fantasztikus desszert j\u00f6n ki. \u00cdgy sz\u00fcletett meg ez a recept. F\u00fcge szezon van, haszn\u00e1lj\u00e1tok ki ti is \ud83d\ude01<\/p>\r\n<p><img class=\"alignnone wp-image-310 size-large\" src=\"https:\/\/annesbakery.cafeblog.hu\/files\/2018\/09\/C73F0E82-55FA-4084-88EA-840ADB9D2DE0-e1538330293689-450x600.jpeg\" alt=\"\" width=\"450\" height=\"600\" \/><\/p>\r\n<p><strong>Hozz\u00e1val\u00f3k:<\/strong><\/p>\r\n<ul>\r\n<li>300g liszt<\/li>\r\n<li>200 g margarin<\/li>\r\n<li>100 g porcukor<\/li>\r\n<li>1-2 ev\u0151kan\u00e1l hideg v\u00edz<\/li>\r\n<li>csipet s\u00f3\u00a0<\/li>\r\n<li>csipet \u0151r\u00f6lt van\u00edlia<\/li>\r\n<\/ul>\r\n<p><b>Csoki ganache:<\/b><\/p>\r\n<ul>\r\n<li>200g \u00e9tcsoki<\/li>\r\n<li>250g k\u00f3kusztejsz\u00edn, a konzerves<\/li>\r\n<\/ul>\r\n<p><b>kell m\u00e9g:<\/b><\/p>\r\n<ul>\r\n<li>4 f\u00fcge<\/li>\r\n<li>egy mar\u00e9k t\u00f6t\u00f6kmogyor\u00f3<\/li>\r\n<\/ul>\r\n<p>A t\u00e9szta hozz\u00e1val\u00f3it gyorsan \u00f6sszegy\u00farjuk, \u00e9s legal\u00e1bb f\u00e9l \u00f3r\u00e1ig a h\u0171t\u0151be rakjuk.<\/p>\r\n<p><img class=\"alignnone wp-image-304 size-large\" src=\"https:\/\/annesbakery.cafeblog.hu\/files\/2018\/09\/FF7E28B5-1EB4-4F9B-A9ED-5356A4F3533C-e1538329230799-450x600.jpeg\" alt=\"\" width=\"450\" height=\"600\" \/><\/p>\r\n<p>Addig is elk\u00e9sz\u00edtj\u00fck a ganachet. A konzerv k\u00f3kusztejsz\u00ednnek csak a s\u0171r\u0171j\u00e9t haszn\u00e1ld. A tejsz\u00ednt felmeleg\u00edtj\u00fck l\u00e1basban, addig am\u00edg \u00e9ppen, hogy nem forr. A feldarabolt csokira \u00f6ntj\u00fck \u00e9s egy picit \u00e1llni hagyjuk, majd \u00f6sszekeverj\u00fck. H\u0171t\u0151be rakjuk, hogy megdermedjen.\u00a0<\/p>\r\n<p><img class=\"alignnone wp-image-306 size-large\" src=\"https:\/\/annesbakery.cafeblog.hu\/files\/2018\/09\/8A1EED3B-A999-4804-82A7-A63462A82E3C-e1538330264925-450x600.jpeg\" alt=\"\" width=\"450\" height=\"600\" \/><\/p>\r\n<p>A t\u00e9szt\u00e1t kis darabokban kiny\u00fajtjuk \u00e9s a form\u00e1kba rakjuk, vill\u00e1val megsz\u00fark\u00e1ljuk az aljukat. A Dm-ben tal\u00e1ltam ilyen kis pite form\u00e1kat,12 darab van benne.\u00a0<\/p>\r\n<p><img class=\"alignnone wp-image-305 size-large\" src=\"https:\/\/annesbakery.cafeblog.hu\/files\/2018\/09\/CFEFB0BC-FBC1-493C-AABD-379EEE8D123F-e1538330256345-450x600.jpeg\" alt=\"\" width=\"450\" height=\"600\" \/><\/p>\r\n<p>A t\u00e9szt\u00e1kat el\u0151meleg\u00edtett 190 fokos s\u00fct\u0151ben kb. 15 perc alatt megs\u00fctj\u00fck.\u00a0<\/p>\r\n<p>Ha a ganache kih\u0171lt, teh\u00e1t elkezdett megdermedni, akkor g\u00e9pi habver\u0151vel felverj\u00fck. Ez ne tartson sok\u00e1ig, csak habosodjon fel egy kicsit.<\/p>\r\n<p>A kis\u00fclt \u00e9s kih\u0171lt t\u00e9szt\u00e1kat megt\u00f6ltj\u00fck, megsz\u00f3rjuk durv\u00e1ra t\u00f6rt mogyor\u00f3val \u00e9s egy gerezd f\u00fcg\u00e9vel d\u00edsz\u00edtj\u00fck.<\/p>\r\n<p><img class=\"alignnone wp-image-311 size-large\" src=\"https:\/\/annesbakery.cafeblog.hu\/files\/2018\/09\/6BF5D321-B21B-48B1-A73E-165FE9CFFFEE-e1538330302409-450x600.jpeg\" alt=\"\" width=\"450\" height=\"600\" \/><\/p>\r\n<p>Kellemes s\u00fct\u00e9st,<\/p>\r\n<p>Anna<\/p>\r\n<p>Kieg\u00e9sz\u00edt\u00e9s:<\/p>\r\n<p>Ha ma csin\u00e1ln\u00e1m, akkor kenn\u00e9k a csokikr\u00e9m al\u00e1 f\u00fcge lekv\u00e1rt :)<\/p>\r\n<p>&nbsp;<\/p>","type":"rich","thumbnail_url":"https:\/\/annesbakery.cafeblog.hu\/files\/2018\/09\/6BF5D321-B21B-48B1-A73E-165FE9CFFFEE-e1538330302409-150x150.jpeg","thumbnail_width":150,"thumbnail_height":150}

Csokis mini pite fügèvel

<p>Tudni kell, hogy az egyik kedvenc gyümölcsöm a füge, a kedvenc magom a törökmogyoró és csokiimádó vagyok. Ha pedig ezeket összerakom egy fantasztikus desszert jön ki. Így született meg ez a recept. Füge szezon van, használjátok ki ti is 😁</p>
<p><img class="alignnone wp-image-310 size-large" src="https://annesbakery.cafeblog.hu/files/2018/09/C73F0E82-55FA-4084-88EA-840ADB9D2DE0-e1538330293689-450x600.jpeg" alt="" width="450" height="600" /></p>
<p><strong>Hozzávalók:</strong></p>
<ul>
<li>300g liszt</li>
<li>200 g margarin</li>
<li>100 g porcukor</li>
<li>1-2 evőkanál hideg víz</li>
<li>csipet só </li>
<li>csipet őrölt vanília</li>
</ul>
<p><b>Csoki ganache:</b></p>
<ul>
<li>200g étcsoki</li>
<li>250g kókusztejszín, a konzerves</li>
</ul>
<p><b>kell még:</b></p>
<ul>
<li>4 füge</li>
<li>egy marék tötökmogyoró</li>
</ul>
<p>A tészta hozzávalóit gyorsan összegyúrjuk, és legalább fél óráig a hűtőbe rakjuk.</p>
<p><img class="alignnone wp-image-304 size-large" src="https://annesbakery.cafeblog.hu/files/2018/09/FF7E28B5-1EB4-4F9B-A9ED-5356A4F3533C-e1538329230799-450x600.jpeg" alt="" width="450" height="600" /></p>
<p>Addig is elkészítjük a ganachet. A konzerv kókusztejszínnek csak a sűrűjét használd. A tejszínt felmelegítjük lábasban, addig amíg éppen, hogy nem forr. A feldarabolt csokira öntjük és egy picit állni hagyjuk, majd összekeverjük. Hűtőbe rakjuk, hogy megdermedjen. </p>
<p><img class="alignnone wp-image-306 size-large" src="https://annesbakery.cafeblog.hu/files/2018/09/8A1EED3B-A999-4804-82A7-A63462A82E3C-e1538330264925-450x600.jpeg" alt="" width="450" height="600" /></p>
<p>A tésztát kis darabokban kinyújtjuk és a formákba rakjuk, villával megszúrkáljuk az aljukat. A Dm-ben találtam ilyen kis pite formákat,12 darab van benne. </p>
<p><img class="alignnone wp-image-305 size-large" src="https://annesbakery.cafeblog.hu/files/2018/09/CFEFB0BC-FBC1-493C-AABD-379EEE8D123F-e1538330256345-450x600.jpeg" alt="" width="450" height="600" /></p>
<p>A tésztákat előmelegített 190 fokos sütőben kb. 15 perc alatt megsütjük. </p>
<p>Ha a ganache kihűlt, tehát elkezdett megdermedni, akkor gépi habverővel felverjük. Ez ne tartson sokáig, csak habosodjon fel egy kicsit.</p>
<p>A kisült és kihűlt tésztákat megtöltjük, megszórjuk durvára tört mogyoróval és egy gerezd fügével díszítjük.</p>
<p><img class="alignnone wp-image-311 size-large" src="https://annesbakery.cafeblog.hu/files/2018/09/6BF5D321-B21B-48B1-A73E-165FE9CFFFEE-e1538330302409-450x600.jpeg" alt="" width="450" height="600" /></p>
<p>Kellemes sütést,</p>
<p>Anna</p>
<p>Kiegészítés:</p>
<p>Ha ma csinálnám, akkor kennék a csokikrém alá füge lekvárt :)</p>
<p>&nbsp;</p>
